 + 7. What is the remainder when i(-4) is divided by 11?
10
Let h be (-7)/(-2) + 4/8. Suppose -p = -4*u + 23, -2*p + 15 = 5*u - h. Suppose u*s - 302 = -12. Calculate the remainder when s is divided by 20.
18
Let k = -13 + 25. Suppose 0 = -6*j + 10*j - k. Calculate the remainder when j is divided by 1.
0
Let a(m) = m + 26. What is the remainder when 97 is divided by a(7)?
31
Let a be -6 - (1 - (2 + 0)). Let x = a - -12. Let l(o) = 3*o + 1. Calculate the remainder when l(4) is divided by x.
6
Let p = 2 - 4. What is the remainder when 18 is divided by p/(-3) - 28/(-3)?
8
Let p be (0 + 3/(-1))*-1. Suppose 40 = k + p*m, -4*k - k + m + 136 = 0. Let u = 37 + -22. What is the remainder when k is divided by u?
13
Let w(k) = -6*k - 21. Calculate the remainder when 207 is divided by w(-6).
12
Calculate the remainder when 37 is divided by (-4)/14 + (-837)/(-63).
11
Suppose 0*v + v = 3*h + 2, -8 = -4*v + 5*h. Calculate the remainder when (10/6 + -2)*-15 is divided by v.
1
Let x = -8 - -5. Calculate the remainder when x - (-17 + 0 - 2) is divided by 6.
4
Suppose -3*x = g - 27, -4*x + 8*x = 4*g - 92. Let p = -112 + 159. Calculate the remainder when p is divided by g.
23
Calculate the remainder when 58 is divided by 24/(4 + (-2 - 0)).
10
Let k = -61 + 128. Calculate the remainder when k is divided by 10.
7
Let h(g) = -g**3 + 10*g**2 - 8*g + 8. Let o be h(9). Suppose -s + 8 = -o. What is the remainder when s is divided by 13?
12
Suppose 4*r - 2*r = 0. Suppose -o + 1 = -r. Calculate the remainder when ((-147)/(-6))/(o/2) is divided by 25.
24
What is the remainder when 53 is divided by 6/(-2) - 31/(-1)?
25
Calculate the remainder when (5 - 6) + 221 + 2/2 is divided by 16.
13
Suppose -3*r + 102 = 3*m, -m - 160 = -6*m - 3*r. Calculate the remainder when m is divided by 10.
9
Let p be 5/((-10)/6) - -3. Suppose 36 = -p*w + 2*w. Calculate the remainder when w is divided by 5.
3
Let f(o) = -11*o - 31. Calculate the remainder when 209 is divided by f(-6).
34
Suppose 0*n + 2*n - 36 = 0. Let p = -11 + n. Calculate the remainder when 13 is divided by p.
6
Suppose -6*g + g + 2*x = -170, 2*x = -4*g + 118. What is the remainder when g is divided by 11?
10
Suppose 3*t + 3*f - 8*f - 125 = 0, 2*f - 27 = -t. What is the remainder when t is divided by 23?
12
Let m(y) = 6*y + 7. What is the remainder when 97 is divided by m(3)?
22
Let y = 20 - 12. What is the remainder when 22 is divided by y?
6
Let t = -66 - -39. Let y = 44 + t. Let u(o) = o**3 - 9*o**2 + 9*o + 1. What is the remainder when y is divided by u(8)?
8
Let q = 11 - -2. Calculate the remainder when q is divided by 3.
1
Let q(a) = a**3 - a**2 + a + 102. Let h be q(0). Suppose 2*x - h = -4*z, -2*z = z - 5*x - 109. What is the remainder when z is divided by 10?
8
Suppose 92 = 5*t - 98. What is the remainder when 28 is divided by t/4 + (-1)/(-2)?
8
Let f = 7 - 6. Let g be (f + -2 + 1)/(-2). Suppose 66 = 3*a - g*a. What is the remainder when a is divided by 12?
10
Let k = -60 - -76. What is the remainder when 31 - (1 - (1 + 0)) is divided by k?
15
Suppose -5*q + 2*g = -3*g - 225, -3*g - 3 = 0. Suppose 5*p + 4*a = -278, -p + 5*a - q = -0*p. What is the remainder when p/(-7) - 8/(-28) is divided by 3?
2
Let d(r) = -15*r**3 + r**2 - 1. Let c be d(-1). Suppose z + c = 5*n, -5*n + 4*n - 6 = -2*z. Calculate the remainder when 9 is divided by z.
4
Suppose -3 = -5*w + 7. What is the remainder when 7 is divided by w?
1
Let m be (8/5)/(4/10). Suppose -m*h = -2*h + 6. Calculate the remainder when 34 is divided by 6*1/(h/(-9)).
16
Suppose -4*h + 3 = -3*h, -4*h = -2*v - 22. Let d = 29 - v. Calculate the remainder when d is divided by 18.
16
Let m(v) = 2*v**2 + 8*v - 5. Let j be m(-7). Let k = 52 - j. What is the remainder when 59 is divided by k?
14
Let j(b) = b + 20. Let w be j(-9). Suppose -4*n = v - w, 6*v + 3*n - 18 = 2*v. Calculate the remainder when 94/14 + 2/7 is divided by v.
1
Suppose 21 = -22*m + 23*m. Calculate the remainder when m is divided by 5/(5/2) - -9.
10
Let m = 8 - 13. Let w = m + 22. What is the remainder when 29 is divided by w - (4 - (-6)/(-3))?
14
Let t = -116 - -146. Calculate the remainder when t is divided by 3.
0
Suppose -4*g + 3*g + 18 = 0. Suppose 5*k - 11 - 22 = -m, 5*m - 253 = -3*k. What is the remainder when m is divided by g?
17
Let x = 1 - -3. Suppose 6 = -7*r + x*r. Let u = r + 16. What is the remainder when u is divided by 8?
6
Let y(d) = -11*d + 4. Let m(o) = -o + 4. Let f be m(6). Calculate the remainder when 50 is divided by y(f).
24
Suppose 0*b + 66 = -2*b. Let i = 10 - 12. Let w = i - b. Calculate the remainder when w is divided by 11.
9
Let a = 15 + -1. What is the remainder when 39 is divided by a?
11
Suppose 0 = o - 100 + 82. What is the remainder when 53 is divided by o?
17
Let t(i) = -11*i - 15. What is the remainder when t(-6) is divided by 9?
6
Let d(w) = w**2 - 10*w + 24. Suppose -5*u + 4 = -3*u. Calculate the remainder when d(7) is divided by u.
1
Let j(s) = 2*s + 7. Let u be j(-5). Suppose 0 = -2*a - 0 + 4. What is the remainder when 1/(u*3/(-27)) is divided by a?
1
Let z = -17 - -19. Suppose -40 = z*k - 3*k + 5*p, 4*k - 84 = p. What is the remainder when 59 is divided by k?
19
Let z be 10 + -5 + -1*2. Let l(c) = -3*c**2 + 0*c**2 + 5*c**2 + c**3 - 3 - z*c. What is the remainder when 8 is divided by l(-2)?
2
Suppose 0 = -4*q + 8, -4*q + 128 = -3*c + 39. Let p = 13 + 15. What is the remainder when p is divided by (-6)/c + (-133)/(-9)?
13
Suppose 275 = 5*w - 0*w. Let n(h) = -h**3 - 5*h**2 - 5*h - 6. Calculate the remainder when w is divided by n(-5).
17
Let b = 6 - 1. What is the remainder when 13 is divided by b?
3
Suppose 5 = 2*h + 1. Suppose 0 = 2*n + h*n - 84. Calculate the remainder when n is divided by 12.
9
Suppose -13*y + 45 + 98 = 0. Suppose 5*f + 7 - 42 = 0. Calculate the remainder when y is divided by f.
4
Let j = 3 + 4. Let s = -3 + 9. Suppose o - s = 3*r + 9, -4*r - 16 = -o. Calculate the remainder when o is divided by j.
5
Let i = 27 + -16. What is the remainder when (-518)/(-12) + (-1)/6 is divided by i?
10
Let n(k) = -k**3 - 4*k**2 - 4*k - 4. Calculate the remainder when n(-5) is divided by 11.
8
Suppose 5*z = 2*z + 9. Suppose -2*u + 27 = -z*b + 112, -4*u + 46 = 2*b. Calculate the remainder when b is divided by 7.
6
Suppose -40 = -2*d - g, -d + 6*d - 100 = -2*g. What is the remainder when 6/(-21) - (-401)/7 is divided by d?
17
Suppose 60 = 2*w - 3*d, -20 = 2*d - 7*d. What is the remainder when w is divided by 10?
6
Let c(h) = -h**3 + 2*h**2 - 2*h - 7. Calculate the remainder when 77 is divided by c(-2).
12
Let l(b) = b**2 - 20*b + 16. Calculate the remainder when 206 is divided by l(20).
14
Let f(w) = -w**3 + 5*w**2 + 5*w + 3. Let y be 3/(-12) + 51/12. Calculate the remainder when f(y) is divided by 10.
9
Suppose -5*c = -6 + 21. Let q be c/(-2)*256/12. What is the remainder when 45 is divided by ((-27)/6)/((-12)/q)?
9
Let i(o) be the first derivative of -o**3/3 - 7*o**2/2 + 3*o - 1. Let c(u) = -u. Calculate the remainder when i(-6) is divided by c(-5).
4
Let a = 34 - 22. Let k = a - -6. Calculate the remainder when 71 is divided by k.
17
Let f be (-9)/12*(1 + -25). Let d = -8 + f. Calculate the remainder when 1176/30 - 2/10 is divided by d.
9
Let o be (-2)/8 + (-129)/(-4). Suppose 0*y + o = 4*y. What is the remainder when 21 is divided by y?
5
Let n(y) = -y**2 - 4*y + 4. Let k be n(-4). Let r = 6 - k. Suppose 105 = r*h + h. Calculate the remainder when h is divided by 12.
11
Let v = 16 - 10. What is the remainder when -7 + 21 - (1 - 4) is divided by v?
5
Let y(c) = -2*c**2 - 9 + 2*c**2 + 6*c**2 + 0 + 6*c - c**3. Calculate the remainder when y(6) is divided by 7.
6
Suppose -3*k - 24 = k. Let c(x) = -x**3 - 5*x**2 + x - 6. What is the remainder when 46 is divided by c(k)?
22
Let k = 76 - 54. What is the remainder when ((-1530)/27)/((-4)/6) is divided by k?
19
Suppose 0 = b - 5*p + 7, -5*b - 5 = 4*p + 1. Calculate the remainder when 28 is divided by (-1 + 3 - -15) + b.
13
Calculate the remainder when 23 is divided by -1 + 3 - (-13 - (-1 - 2)).
11
Calculate the remainder when 21 is divided by 16/(-5)*5/(-2).
5
Let g = 38 + -35. What is the remainder when 34 is divided by g?
1
Suppose 3*j = -u + 4*u + 39, j = 2*u + 9. What is the remainder when 83 is divided by j?
15
Let n